{"text_format":"1","workbook":"xlsx","n_sheets":4,"sheets":["Read Me","Request Summary","Bus Driver(s) Pay & Mileage","Refund Rate Table"],"not_rendered":{"charts":0,"images":9,"macros":1,"external_links":0,"defined_names":3,"comments":0,"pivot_tables":0},"unopened":[],"bounds":{"document_bytes":16777216,"sheet_cells":100000,"rows_first":2000,"rows_last":500,"rows_between":2000,"halvings":0,"cell_chars":16384,"cell_head_chars":4096},"cells_cut":0,"cells_raw":0,"read":"whole","date_system":"1900"}

{"sheet":"Read Me","index":0,"n_rows":0,"n_cols":0,"rows_kept":0,"cut":false,"hidden":false,"merged":[]}

{"sheet":"Request Summary","index":1,"n_rows":40,"n_cols":26,"rows_kept":40,"cut":false,"hidden":false,"merged":[[26,2,26,11],[22,2,22,11],[39,3,39,5],[17,3,17,5],[20,2,20,11],[35,2,35,11],[34,2,34,9],[18,3,18,5],[2,2,2,11],[12,3,12,9],[13,3,13,9],[14,3,14,9],[15,3,15,9],[16,3,16,9],[4,3,4,5],[7,3,7,9],[8,3,8,9],[11,3,11,9]]}
[]
[]
[null,null,"Early College Transportation Contingency Request",null,null,null,null,null,null,null,null,null,null,null,null,null,null,null,null,null,null,null,null,null,null," "]
[]
[null,null,null,"Select",null,null,null,"Select",null,{"$f":"IF(D5<>\"Select\",INDEX('Refund Rate Table'!C6:C120,    MATCH($D$5,'Refund Rate Table'!E6:E120,0)),\"\")","v":""},null,{"$f":"IF($D$5<>\"Select\",INDEX('Refund Rate Table'!D6:D120,    MATCH(D5,'Refund Rate Table'!E6:E120,0)),\"\")","v":""}]
[null,null,null,"(LEA Name)",null,null,null,"(Semester)",null,"(Plant #)",null,"(LEA #)"]
[]
[]
[null,null,null,"(Early College Name(s))",null,null,null,null,null,null,null,"(Date Completed)"]
[]
[null,null,"Contact Info:"]
[]
[null,null,null,"Name (First & Last)"]
[null,null,null,"Select"]
[null,null,null,"(Position)"]
[]
[null,null,null,"(Email)"]
[]
[null,null,null,"(Work Phone or Best Contact Number)",null,null,null,"(Ext.)"]
[]
[null,null,{"$f":"D5&\" Cost Summary:\"","v":"Select Cost Summary:"}]
[]
[null,null,"Semester Totals"]
[null,null,null,{"$f":"IF($D$5<>\"Select\",'Bus Driver(s) Pay & Mileage'!I4,\"\")","v":""},null,{"$f":"IF($D$5<>\"Select\",'Bus Driver(s) Pay & Mileage'!J4,\"\")","v":""}]
[null,null,null,"Semester Driver Cost",null,"Total Miles"]
[]
[null,null,"Refund Rates"]
[null,null,null,{"$f":"IF($D$5<>\"Select\",ROUND(INDEX('Refund Rate Table'!$F$6:$F$120,    MATCH($D$5,'Refund Rate Table'!$E$6:$E$120,0)),4),\"\")","v":""},null,{"$f":"IF($D$5<>\"Select\",ROUND(INDEX('Refund Rate Table'!$G$6:$G$120,    MATCH($D$5,'Refund Rate Table'!$E$6:$E$120,0)),4),\"\")","v":""},null,{"$f":"IF($D$5<>\"Select\",ROUND(INDEX('Refund Rate Table'!$H$6:$H$120,    MATCH($D$5,'Refund Rate Table'!$E$6:$E$120,0)),4),\"\")","v":""},null,{"$f":"IF($D$5<>\"Select\",ROUND(INDEX('Refund Rate Table'!$I$6:$I$120,    MATCH($D$5,'Refund Rate Table'!$E$6:$E$120,0)),4),\"\")","v":""},null,{"$f":"IF($D$5<>\"Select\",ROUND(SUM(D28,F28,H28,J28),4),\"\")","v":""}]
[null,null,null,"(Oil)",null,"(Tires)",null,"(Repair)",null,"(Fuel)",null,"(Cost per mile)"]
[]
[null,null,"Benefit Rates"]
[null,null,null,{"$f":"IF($D$5<>\"Select\",INDEX('Refund Rate Table'!$J$6:$J$120,    MATCH($D$5,'Refund Rate Table'!$E$6:$E$120,0)),\"\")","v":""},null,{"$f":"IF($D$5<>\"Select\",INDEX('Refund Rate Table'!$K$6:$K$120,    MATCH($D$5,'Refund Rate Table'!$E$6:$E$120,0)),\"\")","v":""},null,{"$f":"IF($D$5<>\"Select\",SUM(D32,F32),\"\")","v":""},null,{"$f":"IF($D$5<>\"Select\",ROUND(SUM(D24*H32),0),\"\")","v":""}]
[null,null,null,"(Social Security)",null,"(Retirement)",null,"(Rate Total)",null,"(Semester Total Benefits)"]
[]
[null,null,"Total Semester Cost"]
[]
[null,null,null,{"$f":"IF($D$5<>\"Select\",SUM(L28),\"\")","v":""},null,{"$f":"IF($D$5<>\"Select\",SUM(F24),\"\")","v":""},null,{"$f":"IF($D$5<>\"Select\",SUM(D24),\"\")","v":""},null,{"$f":"IF($D$5<>\"Select\",SUM(J32),\"\")","v":""},null,{"$f":"IF($D$5<>\"Select\",ROUND(D37*F37,0)+ROUND(SUM(H37,J37),0),\"\")","v":""}]
[null,null,null,"(Cost per Mile","x","Total Miles","+","Semester Driver Cost","+","Semester Total Beneits","=","Total Semester Benefits"]
[]
[null,null,null,"Rev. 03/19/2021 csw/jd"]

{"sheet":"Bus Driver(s) Pay & Mileage","index":2,"n_rows":160,"n_cols":10,"rows_kept":160,"cut":false,"hidden":false,"merged":[[6,2,7,2],[6,6,7,6],[6,3,7,3],[0,8,0,9],[6,8,7,8],[6,9,7,9],[6,5,7,5],[6,7,7,7],[6,4,7,4],[3,3,3,5]]}
[null,null,null,null,null,null,null,null,"Rev.  03-19-21 CSW & JD"]
[]
[]
[null,null,null,"Total Number Days Early College Operated During Semester",null,null,null,"Totals:",{"$f":"ROUND(SUM(I9:I158),0)","v":0},{"$f":"ROUND(SUM(J9:J158),1)","v":0}]
[null,null,null,null,null,null,null,null,"Cost","Mileage"]
[]
[null,null,"#","Driver's Name\n(First & Last)","Bus Number or \nRoute Number","Daily \nRate of Pay\n(Early College Route)","Days \nOperate\n(<= 90 days)","Mileage \nper Day\n(Early College Route)","Total Semester\nDriver Cost \n(E * F)","Total Semester\nMileage\n(F * G)"]
[]
[null,null,1,null,null,null,null,null,{"$f":"IF(AND($F9>0,$G9>0),ROUND($F9*$G9,4),\"\")","v":""},{"$f":"IF(AND($G9>0,$H9>0),$G9*$H9,\"\")","v":""}]
[null,null,2,null,null,null,null,null,{"$f":"IF(AND($F10>0,$G10>0),ROUND($F10*$G10,4),\"\")","v":""},{"$f":"IF(AND($G10>0,$H10>0),$G10*$H10,\"\")","v":""}]
[null,null,3,null,null,null,null,null,"",""]
[null,null,4,null,null,null,null,null,"",""]
[null,null,5,null,null,null,null,null,"",""]
[null,null,6,null,null,null,null,null,"",""]
[null,null,7,null,null,null,null,null,"",""]
[null,null,8,null,null,null,null,null,"",""]
[null,null,9,null,null,null,null,null,"",""]
[null,null,10,null,null,null,null,null,"",""]
[null,null,11,null,null,null,null,null,"",""]
[null,null,12,null,null,null,null,null,"",""]
[null,null,13,null,null,null,null,null,"",""]
[null,null,14,null,null,null,null,null,"",""]
[null,null,15,null,null,null,null,null,"",""]
[null,null,16,null,null,null,null,null,"",""]
[null,null,17,null,null,null,null,null,"",""]
[null,null,18,null,null,null,null,null,"",""]
[null,null,19,null,null,null,null,null,"",""]
[null,null,20,null,null,null,null,null,"",""]
[null,null,21,null,null,null,null,null,"",""]
[null,null,22,null,null,null,null,null,"",""]
[null,null,23,null,null,null,null,null,"",""]
[null,null,24,null,null,null,null,null,"",""]
[null,null,25,null,null,null,null,null,"",""]
[null,null,26,null,null,null,null,null,"",""]
[null,null,27,null,null,null,null,null,"",""]
[null,null,28,null,null,null,null,null,"",""]
[null,null,29,null,null,null,null,null,"",""]
[null,null,30,null,null,null,null,null,"",""]
[null,null,31,null,null,null,null,null,"",""]
[null,null,32,null,null,null,null,null,"",""]
[null,null,33,null,null,null,null,null,"",""]
[null,null,34,null,null,null,null,null,"",""]
[null,null,35,null,null,null,null,null,"",""]
[null,null,36,null,null,null,null,null,"",""]
[null,null,37,null,null,null,null,null,"",""]
[null,null,38,null,null,null,null,null,"",""]
[null,null,39,null,null,null,null,null,"",""]
[null,null,40,null,null,null,null,null,"",""]
[null,null,41,null,null,null,null,null,"",""]
[null,null,42,null,null,null,null,null,"",""]
[null,null,43,null,null,null,null,null,"",""]
[null,null,44,null,null,null,null,null,"",""]
[null,null,45,null,null,null,null,null,"",""]
[null,null,46,null,null,null,null,null,"",""]
[null,null,47,null,null,null,null,null,"",""]
[null,null,48,null,null,null,null,null,"",""]
[null,null,49,null,null,null,null,null,"",""]
[null,null,50,null,null,null,null,null,"",""]
[null,null,51,null,null,null,null,null,"",""]
[null,null,52,null,null,null,null,null,"",""]
[null,null,53,null,null,null,null,null,"",""]
[null,null,54,null,null,null,null,null,"",""]
[null,null,55,null,null,null,null,null,"",""]
[null,null,56,null,null,null,null,null,"",""]
[null,null,57,null,null,null,null,null,"",""]
[null,null,58,null,null,null,null,null,"",""]
[null,null,59,null,null,null,null,null,"",""]
[null,null,60,null,null,null,null,null,"",""]
[null,null,61,null,null,null,null,null,"",""]
[null,null,62,null,null,null,null,null,"",""]
[null,null,63,null,null,null,null,null,"",""]
[null,null,64,null,null,null,null,null,"",""]
[null,null,65,null,null,null,null,null,"",""]
[null,null,66,null,null,null,null,null,{"$f":"IF(AND($F74>0,$G74>0),ROUND($F74*$G74,4),\"\")","v":""},{"$f":"IF(AND($G74>0,$H74>0),$G74*$H74,\"\")","v":""}]
[null,null,67,null,null,null,null,null,"",""]
[null,null,68,null,null,null,null,null,"",""]
[null,null,69,null,null,null,null,null,"",""]
[null,null,70,null,null,null,null,null,"",""]
[null,null,71,null,null,null,null,null,"",""]
[null,null,72,null,null,null,null,null,"",""]
[null,null,73,null,null,null,null,null,"",""]
[null,null,74,null,null,null,null,null,"",""]
[null,null,75,null,null,null,null,null,"",""]
[null,null,76,null,null,null,null,null,"",""]
[null,null,77,null,null,null,null,null,"",""]
[null,null,78,null,null,null,null,null,"",""]
[null,null,79,null,null,null,null,null,"",""]
[null,null,80,null,null,null,null,null,"",""]
[null,null,81,null,null,null,null,null,"",""]
[null,null,82,null,null,null,null,null,"",""]
[null,null,83,null,null,null,null,null,"",""]
[null,null,84,null,null,null,null,null,"",""]
[null,null,85,null,null,null,null,null,"",""]
[null,null,86,null,null,null,null,null,"",""]
[null,null,87,null,null,null,null,null,"",""]
[null,null,88,null,null,null,null,null,"",""]
[null,null,89,null,null,null,null,null,"",""]
[null,null,90,null,null,null,null,null,"",""]
[null,null,91,null,null,null,null,null,"",""]
[null,null,92,null,null,null,null,null,"",""]
[null,null,93,null,null,null,null,null,"",""]
[null,null,94,null,null,null,null,null,"",""]
[null,null,95,null,null,null,null,null,"",""]
[null,null,96,null,null,null,null,null,"",""]
[null,null,97,null,null,null,null,null,"",""]
[null,null,98,null,null,null,null,null,"",""]
[null,null,99,null,null,null,null,null,"",""]
[null,null,100,null,null,null,null,null,"",""]
[null,null,101,null,null,null,null,null,"",""]
[null,null,102,null,null,null,null,null,"",""]
[null,null,103,null,null,null,null,null,"",""]
[null,null,104,null,null,null,null,null,"",""]
[null,null,105,null,null,null,null,null,"",""]
[null,null,106,null,null,null,null,null,"",""]
[null,null,107,null,null,null,null,null,"",""]
[null,null,108,null,null,null,null,null,"",""]
[null,null,109,null,null,null,null,null,"",""]
[null,null,110,null,null,null,null,null,"",""]
[null,null,111,null,null,null,null,null,"",""]
[null,null,112,null,null,null,null,null,"",""]
[null,null,113,null,null,null,null,null,"",""]
[null,null,114,null,null,null,null,null,"",""]
[null,null,115,null,null,null,null,null,"",""]
[null,null,116,null,null,null,null,null,"",""]
[null,null,117,null,null,null,null,null,"",""]
[null,null,118,null,null,null,null,null,"",""]
[null,null,119,null,null,null,null,null,"",""]
[null,null,120,null,null,null,null,null,"",""]
[null,null,121,null,null,null,null,null,"",""]
[null,null,122,null,null,null,null,null,"",""]
[null,null,123,null,null,null,null,null,"",""]
[null,null,124,null,null,null,null,null,"",""]
[null,null,125,null,null,null,null,null,"",""]
[null,null,126,null,null,null,null,null,"",""]
[null,null,127,null,null,null,null,null,"",""]
[null,null,128,null,null,null,null,null,"",""]
[null,null,129,null,null,null,null,null,"",""]
[null,null,130,null,null,null,null,null,{"$f":"IF(AND($F138>0,$G138>0),ROUND($F138*$G138,4),\"\")","v":""},{"$f":"IF(AND($G138>0,$H138>0),$G138*$H138,\"\")","v":""}]
[null,null,131,null,null,null,null,null,"",""]
[null,null,132,null,null,null,null,null,"",""]
[null,null,133,null,null,null,null,null,"",""]
[null,null,134,null,null,null,null,null,"",""]
[null,null,135,null,null,null,null,null,"",""]
[null,null,136,null,null,null,null,null,"",""]
[null,null,137,null,null,null,null,null,"",""]
[null,null,138,null,null,null,null,null,"",""]
[null,null,139,null,null,null,null,null,"",""]
[null,null,140,null,null,null,null,null,"",""]
[null,null,141,null,null,null,null,null,"",""]
[null,null,142,null,null,null,null,null,"",""]
[null,null,143,null,null,null,null,null,"",""]
[null,null,144,null,null,null,null,null,"",""]
[null,null,145,null,null,null,null,null,"",""]
[null,null,146,null,null,null,null,null,"",""]
[null,null,147,null,null,null,null,null,"",""]
[null,null,148,null,null,null,null,null,"",""]
[null,null,149,null,null,null,null,null,"",""]
[null,null,150,null,null,null,null,null,"",""]
[]
[null,"Office use:",null,{"$f":"ROUNDUP(SUM(MAX(30,COUNTIF(D9:D158,\"<>\"))/30),0)","v":1}]

{"sheet":"Refund Rate Table","index":3,"n_rows":120,"n_cols":15,"rows_kept":120,"cut":false,"hidden":false,"merged":[[2,2,2,4],[2,5,2,8],[2,9,2,10],[2,12,3,12],[2,14,3,14]]}
[null,null,null,null,null,null,null,null,null,null,null,null,null,null,"Updated:  01-18-21 CSW & JD"]
[]
[null,null,"LEA",null,null,"Refund Rates",null,null,null,"Benefits",null,null,"Semester",null,"Position"]
[null,null,"Plant #","LEA #","Name","Oil","Tires","Repair","Fuel","Social \nSecurity","Retirement"]
[null,null,null,null,"Select",null,null,null,null,null,null,null,"Select",null,"Select"]
[null,null,"6001","010","Alamance",6.9086653025352412E-3,3.3780436200291607E-2,0.20636959393706064,0.25309999999999999,7.6499999999999999E-2,0.21679999999999999,null,"1st",null,"Director"]
[null,null,"6002","020","Alexander",9.1032778588228287E-3,3.6052263350627008E-2,0.11533553434630073,0.25309999999999999,7.6499999999999999E-2,0.21679999999999999,null,"2nd",null,"Cost Inventory Clerk"]
[null,null,"6003","030","Alleghany",1.4402493851054394E-2,4.7876043304705455E-2,0.21293042619249222,0.25309999999999999,7.6499999999999999E-2,0.21679999999999999,null,null,null,"TIMS Cordinator"]
[null,null,"6004","040","Anson",8.7840183493235521E-3,4.3041917300932014E-2,0.17394291541261261,0.25309999999999999,7.6499999999999999E-2,0.21679999999999999,null,null,null,"Other"]
[null,null,"6005","050","Ashe",1.4670827651007502E-2,5.8942940121294952E-2,0.24276175762806221,0.25309999999999999,7.6499999999999999E-2,0.21679999999999999]
[null,null,"6006","060","Avery",9.7052774518463832E-3,5.5280055635390429E-2,0.11982854543776614,0.25309999999999999,7.6499999999999999E-2,0.21679999999999999]
[null,null,"6007","070","Beaufort",1.307398597123857E-2,2.5976348076293742E-2,0.22167102492698498,0.25309999999999999,7.6499999999999999E-2,0.21679999999999999]
[null,null,"6008","080","Bertie",7.3004529776619842E-3,1.9529887643775997E-2,9.0088671117492927E-2,0.25309999999999999,7.6499999999999999E-2,0.21679999999999999]
[null,null,"6009","090","Bladen",8.3163813754724408E-3,2.6390285044684322E-2,0.12083252557320155,0.25309999999999999,7.6499999999999999E-2,0.21679999999999999]
[null,null,"6010","100","Brunswick",1.1368140889003564E-2,2.872428218558077E-2,0.19561899013770401,0.25309999999999999,7.6499999999999999E-2,0.21679999999999999]
[null,null,"6011","110","Buncombe",8.8981899064326242E-3,6.0718731265187086E-2,0.2229387875283261,0.25309999999999999,7.6499999999999999E-2,0.21679999999999999]
[null,null,"6011","111","Asheville",8.8981899064326242E-3,6.0718731265187086E-2,0.2229387875283261,0.25309999999999999,7.6499999999999999E-2,0.21679999999999999]
[null,null,"6012","120","Burke",1.4732695533352323E-2,4.9622988724009096E-2,0.19906752935350611,0.25309999999999999,7.6499999999999999E-2,0.21679999999999999]
[null,null,"6013","130","Cabarrus",9.9196238195995851E-3,4.5019833374402546E-2,0.2472360821194157,0.25309999999999999,7.6499999999999999E-2,0.21679999999999999]
[null,null,"6013","132","Kannapolis",9.9196238195995851E-3,4.5019833374402546E-2,0.2472360821194157,0.25309999999999999,7.6499999999999999E-2,0.21679999999999999]
[null,null,"6014","140","Caldwell",1.1200811800023877E-2,5.9946365292540153E-2,0.15398023688177165,0.25309999999999999,7.6499999999999999E-2,0.21679999999999999]
[null,null,"6015","150","Camden",8.4791794064955454E-3,5.4893292729770178E-2,0.14856930825417997,0.25309999999999999,7.6499999999999999E-2,0.21679999999999999]
[null,null,"6016","160","Carteret",7.5849959283387624E-3,3.2743684190591621E-2,0.1458739986554049,0.25309999999999999,7.6499999999999999E-2,0.21679999999999999]
[null,null,"6017","170","Caswell",7.1530778234314878E-3,2.5490996141009314E-2,9.5680184449435282E-2,0.25309999999999999,7.6499999999999999E-2,0.21679999999999999]
[null,null,"6018","180","Catawba",9.5057529372758291E-3,2.3916790907150084E-2,0.17654907206894913,0.25309999999999999,7.6499999999999999E-2,0.21679999999999999]
[null,null,"6018","181","Hickory",9.5057529372758291E-3,2.3916790907150084E-2,0.17654907206894913,0.25309999999999999,7.6499999999999999E-2,0.21679999999999999]
[null,null,"6018","182","Newton Conover",9.5057529372758291E-3,2.3916790907150084E-2,0.17654907206894913,0.25309999999999999,7.6499999999999999E-2,0.21679999999999999]
[null,null,"6019","190","Chatham",9.3011740246578701E-3,3.4386878569858378E-2,0.1162571490314576,0.25309999999999999,7.6499999999999999E-2,0.21679999999999999]
[null,null,"6020","200","Cherokee",1.6184972306406104E-2,6.1975781168356149E-2,0.12420117044623262,0.25309999999999999,7.6499999999999999E-2,0.21679999999999999]
[null,null,"6021","210","Chowan",1.2949556617733162E-2,4.3686752823700992E-2,0.30064130747202911,0.25309999999999999,7.6499999999999999E-2,0.21679999999999999]
[null,null,"6022","220","Clay",1.3029915314893052E-2,1.9007784442516103E-2,0.15211915454240271,0.25309999999999999,7.6499999999999999E-2,0.21679999999999999]
[null,null,"6023","230","Cleveland",9.5733835301967888E-3,4.7525283257791602E-2,0.12739697921544021,0.25309999999999999,7.6499999999999999E-2,0.21679999999999999]
[null,null,"6024","240","Columbus",3.0626869637840712E-2,4.6534059676562142E-2,0.10915168931743983,0.25309999999999999,7.6499999999999999E-2,0.21679999999999999]
[null,null,"6024","241","Whiteville",3.0626869637840712E-2,4.6534059676562142E-2,0.10915168931743983,0.25309999999999999,7.6499999999999999E-2,0.21679999999999999]
[null,null,"6025","250","Craven",9.3430018421406334E-3,2.8874701682774572E-2,0.2121664296694199,0.25309999999999999,7.6499999999999999E-2,0.21679999999999999]
[null,null,"6026","260","Cumberland",8.4647877265501235E-3,4.3539694192495648E-2,0.23487991382444001,0.25309999999999999,7.6499999999999999E-2,0.21679999999999999]
[null,null,"6027","270","Currituck",8.6282233744338997E-3,2.1993644025746134E-2,0.10719007328517706,0.25309999999999999,7.6499999999999999E-2,0.21679999999999999]
[null,null,"6028","280","Dare",9.6010352201026279E-3,5.4840863840677108E-2,0.17055135464967952,0.25309999999999999,7.6499999999999999E-2,0.21679999999999999]
[null,null,"6029","290","Davidson",7.9464298685572223E-3,4.9699303603673667E-2,0.16855776995933058,0.25309999999999999,7.6499999999999999E-2,0.21679999999999999]
[null,null,"6029","291","Lexington",7.9464298685572223E-3,4.9699303603673667E-2,0.16855776995933058,0.25309999999999999,7.6499999999999999E-2,0.21679999999999999]
[null,null,"6029","292","Thomasville",7.9464298685572223E-3,4.9699303603673667E-2,0.16855776995933058,0.25309999999999999,7.6499999999999999E-2,0.21679999999999999]
[null,null,"6030","300","Davie",8.0470634874848929E-3,3.2978818768000497E-2,8.0551342188061648E-2,0.25309999999999999,7.6499999999999999E-2,0.21679999999999999]
[null,null,"6031","310","Duplin",1.0346824362138853E-2,2.646266486369327E-2,0.15138715187355031,0.25309999999999999,7.6499999999999999E-2,0.21679999999999999]
[null,null,"6032","320","Durham",1.088663560534869E-2,4.3724031724331737E-2,0.22976559849857581,0.25309999999999999,7.6499999999999999E-2,0.21679999999999999]
[null,null,"6033","330","Edgecombe",1.1848844960691794E-2,3.9683458153799173E-2,0.17268405587686531,0.25309999999999999,7.6499999999999999E-2,0.21679999999999999]
[null,null,"6034","340","Forsyth",1.019505039537061E-2,7.2382857221446786E-2,0.11938876639606431,0.25309999999999999,7.6499999999999999E-2,0.21679999999999999]
[null,null,"6035","350","Franklin",1.1044834623244161E-2,3.1519646070580304E-2,0.16957233528453189,0.25309999999999999,7.6499999999999999E-2,0.21679999999999999]
[null,null,"6036","360","Gaston",9.5134591949189006E-3,6.0021712557751329E-2,0.26549091755335147,0.25309999999999999,7.6499999999999999E-2,0.21679999999999999]
[null,null,"6037","370","Gates",8.9613613151588965E-3,2.7167773107593197E-2,0.25641189063911696,0.25309999999999999,7.6499999999999999E-2,0.21679999999999999]
[null,null,"6038","380","Graham",3.7427663525093787E-3,8.6679640767186164E-2,0.11439659605796662,0.25309999999999999,7.6499999999999999E-2,0.21679999999999999]
[null,null,"6039","390","Granville",8.2500877304671604E-3,2.079114248359518E-2,0.11701647314205503,0.25309999999999999,7.6499999999999999E-2,0.21679999999999999]
[null,null,"6040","400","Greene",1.2025933609958506E-2,3.1093887409425897E-2,0.16174018393509632,0.25309999999999999,7.6499999999999999E-2,0.21679999999999999]
[null,null,"6041","410","Guilford",1.066679529346296E-2,5.3892431269830045E-2,0.18079980249961139,0.25309999999999999,7.6499999999999999E-2,0.21679999999999999]
[null,null,"6042","420","Halifax",9.8722445765094518E-3,3.0945483314025319E-2,0.14214478410417544,0.25309999999999999,7.6499999999999999E-2,0.21679999999999999]
[null,null,6042,421,"Roanoke",9.8722445765094518E-3,3.0945483314025319E-2,0.14214478410417544,0.25309999999999999,7.6499999999999999E-2,0.21679999999999999]
[null,null,6042,422,"Weldon",9.8722445765094518E-3,3.0945483314025319E-2,0.14214478410417544,0.25309999999999999,7.6499999999999999E-2,0.21679999999999999]
[null,null,"6043","430","Harnett",1.0457689432819167E-2,3.1266817113775928E-2,0.14704787365303942,0.25309999999999999,7.6499999999999999E-2,0.21679999999999999]
[null,null,"6044","440","Haywood",8.451252392970272E-3,7.0424770188620672E-2,8.9934261585425446E-2,0.25309999999999999,7.6499999999999999E-2,0.21679999999999999]
[null,null,"6045","450","Henderson",8.0319899550099754E-3,5.4902765027654073E-2,0.36284595089790378,0.25309999999999999,7.6499999999999999E-2,0.21679999999999999]
[null,null,"6046","460","Hertford",8.7624469997577541E-3,2.3949309597913568E-2,0.13689911927161766,0.25309999999999999,7.6499999999999999E-2,0.21679999999999999]
[null,null,"6047","470","Hoke",3.5275301869853393E-2,5.6145229718913461E-2,0.1389128604504315,0.25309999999999999,7.6499999999999999E-2,0.21679999999999999]
[null,null,"6048","480","Hyde",9.8904918213665073E-3,3.6183074504178958E-2,0.18037810663945053,0.25309999999999999,7.6499999999999999E-2,0.21679999999999999]
[null,null,"6049","490","Iredell",9.5929542276026163E-3,5.0335819364204649E-2,0.1845384522325566,0.25309999999999999,7.6499999999999999E-2,0.21679999999999999]
[null,null,"6049","491","Mooresville",9.5929542276026163E-3,5.0335819364204649E-2,0.1845384522325566,0.25309999999999999,7.6499999999999999E-2,0.21679999999999999]
[null,null,"6050","500","Jackson",1.225961427841717E-2,5.7831639109646719E-2,0.19732774369900646,0.25309999999999999,7.6499999999999999E-2,0.21679999999999999]
[null,null,"6051","510","Johnston",8.8013109034020612E-3,2.2951672840656048E-2,0.24450671531286181,0.25309999999999999,7.6499999999999999E-2,0.21679999999999999]
[null,null,"6052","520","Jones",5.7456287685223829E-3,3.2220887581393298E-2,0.11315285143750997,0.25309999999999999,7.6499999999999999E-2,0.21679999999999999]
[null,null,"6053","530","Lee",8.4096744776991101E-3,3.9639097513243238E-2,0.22478258553029293,0.25309999999999999,7.6499999999999999E-2,0.21679999999999999]
[null,null,"6054","540","Lenoir",8.0131451228139441E-3,5.0697884276853726E-2,0.20074942006811117,0.25309999999999999,7.6499999999999999E-2,0.21679999999999999]
[null,null,"6055","550","Lincoln",5.9301080593711798E-3,2.1215317859850685E-2,0.16504728451308393,0.25309999999999999,7.6499999999999999E-2,0.21679999999999999]
[null,null,"6056","560","Macon",7.4661926856741312E-3,0.10486668251196148,0.32080885407516874,0.25309999999999999,7.6499999999999999E-2,0.21679999999999999]
[null,null,"6057","570","Madison",1.7151003503224519E-2,9.6047352650052528E-2,0.43286880981578513,0.25309999999999999,7.6499999999999999E-2,0.21679999999999999]
[null,null,"6058","580","Martin",1.2858369281279548E-2,4.0964900238406904E-2,0.1051145145915469,0.25309999999999999,7.6499999999999999E-2,0.21679999999999999]
[null,null,"6059","590","McDowell",1.0447486612419916E-2,4.1111838701218942E-2,0.13436866289659699,0.25309999999999999,7.6499999999999999E-2,0.21679999999999999]
[null,null,"6060","600","Mecklenburg",3.422134345054356E-3,4.8465585636990764E-2,0.28470844215947516,0.25309999999999999,7.6499999999999999E-2,0.21679999999999999]
[null,null,"6061","610","Mitchell",1.0135063284789915E-2,4.7425972679697039E-2,0.21328990620140781,0.25309999999999999,7.6499999999999999E-2,0.21679999999999999]
[null,null,"6062","620","Montgomery",6.2291510574254728E-3,2.0215061623326275E-2,6.759358365552548E-2,0.25309999999999999,7.6499999999999999E-2,0.21679999999999999]
[null,null,"6063","630","Moore",1.2381210763934388E-2,2.5176670994794335E-2,0.13423295650827308,0.25309999999999999,7.6499999999999999E-2,0.21679999999999999]
[null,null,"6064","640","Nash",1.335728816567198E-2,4.5294236877943879E-2,0.199231312599253,0.25309999999999999,7.6499999999999999E-2,0.21679999999999999]
[null,null,"6065","650","New Hanover",1.0010185388564194E-2,2.3031373623511986E-2,0.26160690468804138,0.25309999999999999,7.6499999999999999E-2,0.21679999999999999]
[null,null,"6066","660","Northampton",1.1971602259687316E-2,1.5776436156429971E-2,6.0185584761559045E-2,0.25309999999999999,7.6499999999999999E-2,0.21679999999999999]
[null,null,"6067","670","Onslow",6.5189187747269513E-3,2.4228152337191836E-2,0.18173208780912334,0.25309999999999999,7.6499999999999999E-2,0.21679999999999999]
[null,null,"6068","680","Orange",8.4854863246074108E-3,4.2615881262884139E-2,9.2502901191634929E-2,0.25309999999999999,7.6499999999999999E-2,0.21679999999999999]
[null,null,"6068","680","Chapel Hill-Carrboro",8.4854863246074108E-3,4.2615881262884139E-2,9.2502901191634929E-2,0.25309999999999999,7.6499999999999999E-2,0.21679999999999999]
[null,null,"6069","690","Pamlico",1.1253299751599027E-2,1.3625355940418386E-2,0.12971602662304504,0.25309999999999999,7.6499999999999999E-2,0.21679999999999999]
[null,null,"6070","700","Pasquotank",1.0303676131036509E-2,5.6113306558822289E-2,0.26842707210926242,0.25309999999999999,7.6499999999999999E-2,0.21679999999999999]
[null,null,"6071","710","Pender",5.5901079083597446E-3,2.9100806159444596E-2,0.15017542823865968,0.25309999999999999,7.6499999999999999E-2,0.21679999999999999]
[null,null,"6072","720","Perquimans",7.9567863706561017E-3,4.2846271566633828E-2,0.21455150020148658,0.25309999999999999,7.6499999999999999E-2,0.21679999999999999]
[null,null,"6073","730","Person",1.609316773785997E-2,5.2618169331610148E-2,0.20857194188317521,0.25309999999999999,7.6499999999999999E-2,0.21679999999999999]
[null,null,"6074","740","Pitt",5.5657768266503234E-3,3.4663598945722102E-2,0.2084536844467218,0.25309999999999999,7.6499999999999999E-2,0.21679999999999999]
[null,null,"6075","750","Polk",8.6606035286177982E-3,4.8957579458173986E-2,0.24709046501912138,0.25309999999999999,7.6499999999999999E-2,0.21679999999999999]
[null,null,"6076","760","Randolph",1.4184020563020424E-2,2.4916614380895732E-2,0.17982887387766669,0.25309999999999999,7.6499999999999999E-2,0.21679999999999999]
[null,null,"6076","761","Asheboro",1.4184020563020424E-2,2.4916614380895732E-2,0.17982887387766669,0.25309999999999999,7.6499999999999999E-2,0.21679999999999999]
[null,null,"6077","770","Richmond",1.5259053555690138E-2,6.0142542725889599E-2,0.17798262899008849,0.25309999999999999,7.6499999999999999E-2,0.21679999999999999]
[null,null,"6078","780","Robeson",1.1530536225801663E-2,1.8924831438640734E-2,0.21964940703421809,0.25309999999999999,7.6499999999999999E-2,0.21679999999999999]
[null,null,"6079","790","Rockingham",7.0938133877470914E-3,3.839085374752025E-2,0.10755926385935352,0.25309999999999999,7.6499999999999999E-2,0.21679999999999999]
[null,null,"6080","800","Rowan",8.9651742627345852E-3,3.2066769436997315E-2,0.1274152055406613,0.25309999999999999,7.6499999999999999E-2,0.21679999999999999]
[null,null,"6081","810","Rutherford",1.0133004592353658E-2,5.7435446553242717E-2,0.18658862183443384,0.25309999999999999,7.6499999999999999E-2,0.21679999999999999]
[null,null,"6082","820","Sampson",9.734202483206467E-3,1.7381407150331454E-2,0.13788988743570418,0.25309999999999999,7.6499999999999999E-2,0.21679999999999999]
[null,null,6082,821,"Clinton City",9.734202483206467E-3,1.7381407150331454E-2,0.13788988743570418,0.25309999999999999,7.6499999999999999E-2,0.21679999999999999]
[null,null,"6083","830","Scotland",8.1062522587640046E-3,2.4986146247440069E-2,0.11571718432808553,0.25309999999999999,7.6499999999999999E-2,0.21679999999999999]
[null,null,"6084","840","Stanly",1.5669364799377528E-2,4.2303381290344506E-2,0.17918360081737178,0.25309999999999999,7.6499999999999999E-2,0.21679999999999999]
[null,null,"6085","850","Stokes",8.8177876057490348E-3,3.8167944950948225E-2,0.15376956547096363,0.25309999999999999,7.6499999999999999E-2,0.21679999999999999]
[null,null,"6086","860","Surry",1.1385006949270327E-2,4.8245795691452396E-2,0.13387682418346072,0.25309999999999999,7.6499999999999999E-2,0.21679999999999999]
[null,null,"6086","861","Elkin",1.1385006949270327E-2,4.8245795691452396E-2,0.13387682418346072,0.25309999999999999,7.6499999999999999E-2,0.21679999999999999]
[null,null,"6086","862","Mount Airy",1.1385006949270327E-2,4.8245795691452396E-2,0.13387682418346072,0.25309999999999999,7.6499999999999999E-2,0.21679999999999999]
[null,null,"6087","870","Swain",1.0994299107633337E-2,7.0724961444714365E-2,9.3573902039055801E-2,0.25309999999999999,7.6499999999999999E-2,0.21679999999999999]
[null,null,"6088","880","Transylvania",4.3998154125293992E-3,4.6076991853504667E-2,0.24027640924930058,0.25309999999999999,7.6499999999999999E-2,0.21679999999999999]
[null,null,"6089","890","Tyrell",1.6009765423652567E-2,6.3622484841101001E-2,0.18423577593882082,0.25309999999999999,7.6499999999999999E-2,0.21679999999999999]
[null,null,"6090","900","Union",9.8882180315768564E-3,3.269446344945591E-2,0.19424607799490742,0.25309999999999999,7.6499999999999999E-2,0.21679999999999999]
[null,null,"6091","910","Vance",1.6592246467052901E-2,3.0964383561643837E-2,0.15660056310574477,0.25309999999999999,7.6499999999999999E-2,0.21679999999999999]
[null,null,"6092","920","Wake",3.1439637000291462E-3,4.0328505387426709E-2,0.32225178213302563,0.25309999999999999,7.6499999999999999E-2,0.21679999999999999]
[null,null,"6093","930","Warren",6.9883426733820435E-3,4.0628865085557998E-2,8.695293718915767E-2,0.25309999999999999,7.6499999999999999E-2,0.21679999999999999]
[null,null,"6094","940","Washington",9.3675624118020519E-3,2.1976265913241803E-2,0.28908120680369132,0.25309999999999999,7.6499999999999999E-2,0.21679999999999999]
[null,null,"6095","950","Watauga",9.0551619583215115E-3,7.0080883878699596E-2,0.38545375432474666,0.25309999999999999,7.6499999999999999E-2,0.21679999999999999]
[null,null,"6096","960","Wayne",9.3420843173841004E-3,3.4844135057433771E-2,0.30010234562907484,0.25309999999999999,7.6499999999999999E-2,0.21679999999999999]
[null,null,"6097","970","Wilkes",8.1781620516087391E-3,5.9607632762370973E-2,0.12294594787156908,0.25309999999999999,7.6499999999999999E-2,0.21679999999999999]
[null,null,"6098","980","Wilson",1.072177247001877E-2,2.4552114947228178E-2,0.15779221781762093,0.25309999999999999,7.6499999999999999E-2,0.21679999999999999]
[null,null,"6099","990","Yadkin",1.5516017293428098E-2,4.4087912863713725E-2,6.6242654360114006E-2,0.25309999999999999,7.6499999999999999E-2,0.21679999999999999]
[null,null,"6100",995,"Yancey",7.5819818664667714E-3,7.744668312180833E-2,0.14905182383299592,0.25309999999999999,7.6499999999999999E-2,0.21679999999999999]